r?
False
Is 1323563 a prime number?
False
Is 78378205 a prime number?
False
Is 6529351 a composite number?
True
Is 178303967 a prime number?
True
Is 70733461 composite?
True
Is 293399 a prime number?
True
Is 1026547 composite?
False
Is 539485 a composite number?
True
Is 8397343 a prime number?
False
Is 12333781 composite?
True
Is 83914471 prime?
True
Is 53100037 a prime number?
False
Is 8001017 a prime number?
False
Is 862921217 prime?
True
Is 10533221 composite?
False
Is 18080203 a composite number?
False
Is 12547951 a composite number?
True
Is 13545611 prime?
False
Is 75789559 a prime number?
True
Is 33199489 a composite number?
False
Is 616553 prime?
False
Is 446014897 a composite number?
False
Is 30184777 a composite number?
True
Is 999977 prime?
False
Is 62196151 prime?
False
Is 9104983 composite?
False
Is 5492483 a composite number?
True
Is 4638577 a prime number?
False
Is 18823501 prime?
True
Is 31966213 a prime number?
False
Is 53334443 prime?
False
Is 820577 prime?
True
Is 162627629 prime?
False
Is 188320247 a composite number?
True
Is 15318671 a prime number?
True
Is 1765939 a prime number?
False
Is 429276041 a composite number?
True
Is 11824229 composite?
True
Is 9470662 prime?
False
Is 16680413 composite?
True
Is 6107927 composite?
True
Is 92726367 a prime number?
False
Is 246079 composite?
True
Is 901352337 prime?
False
Is 63634 a composite number?
True
Is 3224063 a composite number?
True
Is 430057 composite?
False
Is 82410773 prime?
False
Is 7223537 composite?
False
Is 78784163 composite?
False
Is 3218053 prime?
False
Is 7522481 a composite number?
True
Is 2081593 a composite number?
True
Is 9232297 a composite number?
True
Is 176555843 a composite number?
True
Is 9394529 prime?
True
Is 1517023 prime?
True
Is 1978661 composite?
False
Is 131494222 a composite number?
True
Is 197812757 a prime number?
True
Is 6339253 prime?
True
Is 4201103 composite?
False
Is 2709151 composite?
True
Is 157042331 a composite number?
True
Is 621449 prime?
False
Is 1184987 composite?
False
Is 55133 a composite number?
True
Is 9033317 a prime number?
True
Is 1457615279 a composite number?
False
Is 28260667 prime?
False
Is 28137661 composite?
False
Is 425881 composite?
True
Is 65659417 a composite number?
False
Is 3949971143 prime?
True
Is 92108033 prime?
True
Is 5563757 composite?
False
Is 22293671 a composite number?
False
Is 130947262 composite?
True
Is 33661967 a composite number?
False
Is 643907 prime?
False
Is 334344167 a composite number?
False
Is 30435374 composite?
True
Is 13025643 composite?
True
Is 5910721 a composite number?
False
Is 1861463 a prime number?
False
Is 7246663 a composite number?
False
Is 42782654 a prime number?
False
Is 11351077 a prime number?
False
Is 473692139 a prime number?
True
Is 39183103 a composite number?
True
Is 1898083 a prime number?
False
Is 27796681 prime?
False
Is 76187831 prime?
True
Is 9228521 composite?
True
Is 47469367 prime?
False
Is 40218565 a prime number?
False
Is 1739923 prime?
False
Is 893544497 a composite number?
True
Is 17407227 a composite number?
True
Is 38106119 composite?
False
Is 8847301 prime?
True
Is 24443461 a composite number?
True
Is 20535323 prime?
True
Is 24083333 a prime number?
False
Is 8189443 prime?
True
Is 4536971 a prime number?
False
Is 2726859 composite?
True
Is 2981221 prime?
True
Is 407062913 a prime number?
True
Is 1154603 prime?
True
Is 415454509 a composite number?
False
Is 150346703 a prime number?
False
Is 2634707 composite?
False
Is 232901813 a prime number?
False
Is 4644547 a prime number?
False
Is 31639129 a composite number?
True
Is 158537 a composite number?
False
Is 59959273 prime?
False
Is 1057591 prime?
False
Is 5617499 prime?
True
Is 6356347 prime?
True
Is 269939 a prime number?
True
Is 21261341 composite?
True
Is 16966739 a prime number?
False
Is 826477 prime?
True
Is 12373937 a composite number?
True
Is 39799871 a composite number?
False
Is 459061 prime?
False
Is 1428058 a prime number?
False
Is 65879141 composite?
True
Is 10182217 composite?
False
Is 143695319 prime?
False
Is 21821201 a prime number?
True
Is 5481683 a composite number?
True
Is 272419 prime?
False
Is 3035531 prime?
True
Is 2024471 a composite number?
False
Is 221128469 a prime number?
False
Is 3059257 a prime number?
True
Is 566177 composite?
True
Is 11840951 composite?
False
Is 8132959 prime?
False
Is 131555383 a composite number?
False
Is 112937753 composite?
True
Is 20305631 composite?
False
Is 13568119 a composite number?
True
Is 246440771 composite?
True
Is 77867549 composite?
True
Is 1367203 a composite number?
False
Is 26832581 a composite number?
False
Is 12389473 prime?
True
Is 7898881 a prime number?
False
Is 29572241 a composite number?
False
Is 1101071 prime?
True
Is 4525693 prime?
True
Is 19223161 a prime number?
True
Is 101532934 prime?
False
Is 8022701 a prime number?
False
Is 6663961 prime?
True
Is 1475647 a prime number?
True
Is 40097443 prime?
True
Is 93005411 prime?
False
Is 11651413 a prime number?
False
Is 226901 a prime number?
True
Is 870131 prime?
True
Is 4935718 a prime number?
False
Is 7206191 a prime number?
True
Is 6797419 prime?
True
Is 122124323 prime?
True
Is 16832329 a prime number?
False
Is 2535947101 prime?
True
Is 4353142 a prime number?
False
Is 62145589 composite?
True
Is 283914035 composite?
True
Is 27913213 composite?
True
Is 3255073 prime?
False
Is 7665689 a prime number?
False
Is 7634437 a prime number?
True
Is 341155039 composite?
False
Is 42801397 composite?
True
Is 23022361 a composite number?
True
Is 1975331 a composite number?
True
Is 144710413 prime?
False
Is 3723983 prime?
False
Is 4222367 prime?
True
Is 56035523 a prime number?
True
Is 64736305 prime?
False
Is 789333 composite?
True
Is 6558953 composite?
True
Is 57958699 a prime number?
False
Is 93131 a prime number?
True
Is 989029 composite?
False
Is 17687797 a prime number?
True
Is 21498949 prime?
True
Is 278621627 composite?
False
Is 899563 a composite number?
True
Is 447976577 a prime number?
True
Is 871037 prime?
True
Is 430329 a prime number?
False
Is 27780653 composite?
False
Is 1856671 a prime number?
False
Is 201078303 composite?
True
Is 209163991 a prime number?
True
Is 31043507 prime?
False
Is 38300321 a prime number?
False
Is 19529 a prime number?
False
Is 6278971 composite?
False
Is 7909673 prime?
True
Is 754207 a prime number?
True
Is 445244439 a prime number?
False
Is 508951 a composite number?
False
Is 14810777 composite?
True
Is 2339417 a composite number?
False
Is 8390081 a prime number?
False
Is 105985831 composite?
True
Is 263761297 a composite number?
True
Is 85347511 prime?
True
Is 14818501 prime?
True
Is 2239607 prime?
True
Is 36193497 a prime number?
False
Is 1356673 a prime number?
False
Is 83195747 prime?
False
Is 7765781 composite?
False
Is 17869999 a prime number?
False
Is 166798327 composite?
False
Is 37740037 a composite number?
True
Is 27513721 a prime number?
False
Is 28372931 a composite number?
False
Is 4679563 prime?
False
Is 3195653 a prime number?
False
Is 3913431 composite?
True
Is 32031617 prime?
False
Is 32359055 a prime number?
False
Is 2731195 a composite number?
True
Is 101202527 composite?
False
Is 916649 a prime number?
True
Is 240701897 a prime number?
False
Is 2132461 prime?
True
Is 7002581 prime?
True
Is 85685623 a composite number?
True
Is 6646622 composite?
True
Is 481939 a composite number?
False
Is 35385513 composite?
True
Is 14573509 prime?
True
Is 7969097 prime?
False
Is 12589637 a composite number?
True
Is 161608063 prime?
True
Is 57725947 composite?
True
Is 352193 prime?
True
Is 31192477 a prime number?
True
Is 176999497 composite?
True
Is 6095651 prime?
False
Is 40126379 composite?
False
Is 110959769 prime?
True
Is 5702449 composite?
False
Is 1340821081 a prime number?
True
Is 4555489 composite?
False
Is 32498791 prime?
False
Is 5381819 a prime number?
True
Is 59882665 a composite number?
True
Is 557253713 prime?
False
Is 26286869 a composite number?
True
Is 1199969 a composite number?
False
Is 7885289 a composite number?
False
Is 72671867 a composite number?
False
Is 76448947 a prime number?
False
Is 1785527 a composite number?
True
Is 219876791 a prime number?
True
Is 8351557 a prime number?
False
Is 4688259 a prime number?
False
Is